actors of 444942354.
2, 3, 74157059
What are the prime factors of 2923796443?
29, 100820567
List the prime factors of 89298990.
2, 3, 5, 11, 107, 281
List the prime factors of 1558092856.
2, 194761607
What are the prime factors of 6619140700?
2, 5, 5953, 11119
What are the prime factors of 1699862390?
2, 5, 113, 601, 2503
List the prime factors of 774125302.
2, 43, 239, 37663
What are the prime factors of 137870654?
2, 311, 221657
List the prime factors of 4089946215.
3, 5, 499, 577, 947
What are the prime factors of 3226907917?
3226907917
What are the prime factors of 200437894?
2, 100218947
What are the prime factors of 37875220?
2, 5, 197, 9613
What are the prime factors of 2528288906?
2, 11, 13, 8840171
What are the prime factors of 35440339?
11, 19, 37, 4583
What are the prime factors of 56484202?
2, 1511, 18691
What are the prime factors of 55115338?
2, 27557669
List the prime factors of 31568666.
2, 15784333
List the prime factors of 1320019667.
521, 2533627
List the prime factors of 98220434.
2, 13, 290593
List the prime factors of 39500343.
3, 41, 167, 641
What are the prime factors of 113158690?
2, 5, 11315869
What are the prime factors of 2204276370?
2, 3, 5, 29, 2533651
List the prime factors of 472840031.
472840031
List the prime factors of 1977094193.
1977094193
What are the prime factors of 979525759?
193, 5075263
List the prime factors of 21460615.
5, 11, 390193
List the prime factors of 60871244.
2, 7, 59, 36847
List the prime factors of 1145182631.
1145182631
What are the prime factors of 769389347?
769389347
What are the prime factors of 279694297?
421, 664357
List the prime factors of 1268097926.
2, 634048963
List the prime factors of 30877144.
2, 727, 5309
List the prime factors of 178745642.
2, 89, 127, 7907
List the prime factors of 12892334.
2, 7, 13, 5449
List the prime factors of 2202971071.
7, 1471, 213943
List the prime factors of 2832994016.
2, 88531063
What are the prime factors of 1859524647?
3, 619841549
What are the prime factors of 22056685?
5, 7, 61, 10331
List the prime factors of 1124002753.
17, 66117809
What are the prime factors of 955554865?
5, 1549, 123377
List the prime factors of 1080825660.
2, 3, 5, 17, 23, 5119
What are the prime factors of 209487125?
5, 257, 6521
What are the prime factors of 290786212?
2, 97, 749449
List the prime factors of 9052777500.
2, 3, 5, 13, 92849
What are the prime factors of 347093403?
3, 17, 6805753
What are the prime factors of 27796242?
2, 3, 251, 18457
What are the prime factors of 23743821?
3, 7914607
List the prime factors of 1181091337.
17, 69475961
What are the prime factors of 720050180?
2, 5, 5479, 6571
List the prime factors of 323750437.
163, 1986199
What are the prime factors of 111742472?
2, 13967809
List the prime factors of 26267041.
26267041
List the prime factors of 9994558.
2, 7, 23, 31039
List the prime factors of 5222445287.
31, 168465977
List the prime factors of 12258721.
12258721
What are the prime factors of 159386866?
2, 17, 4687849
What are the prime factors of 28989525?
3, 5, 43, 89, 101
What are the prime factors of 1279667752?
2, 11, 14541679
What are the prime factors of 1851107409?
3, 205678601
What are the prime factors of 152561930?
2, 5, 15256193
What are the prime factors of 2472129717?
3, 1171, 703709
What are the prime factors of 2038754310?
2, 3, 5, 131, 518767
List the prime factors of 2180128652.
2, 13, 37, 47, 24109
What are the prime factors of 98819608?
2, 19, 271, 2399
What are the prime factors of 1210867614?
2, 3, 11, 23, 265891
List the prime factors of 91583671.
91583671
List the prime factors of 426562533.
3, 71, 667547
List the prime factors of 77501959.
367, 211177
List the prime factors of 2502112838.
2, 131, 9550049
What are the prime factors of 4002094010?
2, 5, 400209401
List the prime factors of 46565111.
53, 167, 5261
List the prime factors of 1020452953.
13, 193, 406717
What are the prime factors of 35079002?
2, 7, 23, 79, 197
List the prime factors of 35632542.
2, 3, 11, 199, 2713
List the prime factors of 2288448989.
41, 59, 946031
List the prime factors of 799658159.
7639, 104681
What are the prime factors of 3362162?
2, 1129, 1489
What are the prime factors of 5373491596?
2, 11, 122124809
List the prime factors of 131918358.
2, 3, 11, 13, 11827
List the prime factors of 216094374.
2, 3, 12005243
What are the prime factors of 97831015?
5, 137, 251, 569
List the prime factors of 42671737.
4451, 9587
List the prime factors of 5857812299.
43, 136228193
List the prime factors of 303019876.
2, 75754969
What are the prime factors of 202529395?
5, 709, 57131
List the prime factors of 272692416.
2, 3, 23, 61751
What are the prime factors of 4313024144?
2, 11, 13, 283, 6661
List the prime factors of 122118288.
2, 3, 2544131
What are the prime factors of 1861332963?
3, 7, 47, 67, 4021
List the prime factors of 170422093.
17, 10024829
What are the prime factors of 386736763?
7, 167, 283
What are the prime factors of 378850185?
3, 5, 7, 17, 263, 269
What are the prime factors of 159343456?
2, 523, 9521
What are the prime factors of 31910592?
2, 3, 7, 23743
List the prime factors of 64134865.
5, 41, 193, 1621
List the prime factors of 293676996.
2, 3, 19, 1288057
List the prime factors of 6462328.
2, 853, 947
List the prime factors of 592627957.
592627957
What are the prime factors of 743434796?
2, 13, 23, 41, 15161
What are the prime factors of 1398768654?
2, 3, 233128109
What are the prime factors of 1038927171?
3, 17, 43, 89, 5323
List the prime factors of 40842979.
40842979
List the prime factors of 2602272236.
2, 650568059
List the prime factors of 93837232.
2, 139, 42193
List the prime factors of 34870511.
13, 2682347
List the prime factors of 13765564.
2, 3441391
List the prime factors of 24651264.
2, 3, 11, 1459
What are the prime factors of 74682269?
263, 443, 641
What are the prime factors of 13128631?
43, 211, 1447
List the prime factors of 2188298786.
2, 17, 64361729
What are the prime factors of 414557875?
5, 73, 181, 251
What are the prime factors of 66211135?
5, 23, 241, 2389
What are the prime factors of 68284007?
11, 617, 10061
List the prime factors of 2538316646.
2, 277, 1013, 4523
List the prime factors of 815898978.
2, 3, 313, 144817
List the prime factors of 46599550.
2, 5, 17, 73, 751
List the prime factors of 1875573613.
43, 1697, 25703
List the prime factors of 174304195.
5, 13, 19, 113, 1249
List the prime factors of 112320346.
2, 56160173
List the prime factors of 256646867.
9041, 28387
What are the prime factors of 96830129?
11, 617, 1297
What are the prime factors of 71127969?
3, 11, 2155393
What are the prime factors of 296679140?
2, 5, 59, 103, 2441
List the prime factors of 1258343969.
1258343969
What are the prime factors of 928462618?
2, 73, 179, 35527
What are the prime factors of 395459140?
2, 5, 19772957
What are the prime factors of 4061689949?
103, 139, 283697
List the prime factors of 478529188.
2, 119632297
What are the prime factors of 864397025?
5, 31, 1115351
What are the prime factors of 4825781118?
2, 3, 47, 919, 2069
What are the prime factors of 710424557?
22153, 32069
What are the prime factors of 129002284?
2, 31, 227, 4583
List the prime factors of 635663979.
3, 673, 104947
What are the prime factors of 721032052?
2, 13, 79, 175519
List the prime factors of 24900379.
7, 508171
What are the prime factors of 34689421?
13, 19, 140443
What are the prime factors of 2743748070?
2, 3, 5, 7, 73, 89, 2011
What are the prime factors of 5889069556?
2, 29, 641, 79201
What are the prime factors of 76156076?
2, 19039019
List the prime factors of 132395963.
7, 18913709
List the prime factors of 34886822.
2, 17, 743, 1381
List the prime factors of 498137541.
3, 11, 367, 41131
What are the prime factors of 361878699?
3, 7, 13, 383, 3461
What are the prime factors of 3158732049?
3, 11, 139, 688627
List the prime factors of 258957210.
2, 3, 5, 8631907
What are the prime factors of 77965415?
5, 11, 157, 9029
What are the prime factors of 176261666?
2, 7, 12590119
What are the prime factors of 2626971578?
2, 7, 11, 19, 59, 15217
What are the prime factors of 60451755?
3, 5, 7, 13, 67, 661
List the prime factors of 261045330.
2, 3, 5, 7, 13, 95621
List the prime factors of 68340678.
2, 3, 